ainder when 34442 is divided by 247.
109
What is the remainder when 61053 is divided by 16?
13
What is the remainder when 9303 is divided by 227?
223
Calculate the remainder when 1762 is divided by 104.
98
Calculate the remainder when 2133 is divided by 106.
13
What is the remainder when 283 is divided by 73?
64
What is the remainder when 20096 is divided by 8?
0
Calculate the remainder when 90 is divided by 44.
2
What is the remainder when 308735 is divided by 192?
191
Calculate the remainder when 8335 is divided by 2778.
1
What is the remainder when 20994 is divided by 6997?
3
Calculate the remainder when 19669 is divided by 273.
13
What is the remainder when 13796 is divided by 1532?
8
Calculate the remainder when 2093913 is divided by 116.
113
Calculate the remainder when 10056 is divided by 43.
37
What is the remainder when 6590 is divided by 1074?
146
Calculate the remainder when 214785 is divided by 85.
75
What is the remainder when 643293 is divided by 10?
3
What is the remainder when 94876 is divided by 31583?
127
Calculate the remainder when 15294 is divided by 15288.
6
Calculate the remainder when 443060 is divided by 113.
100
What is the remainder when 69158 is divided by 266?
264
What is the remainder when 3397 is divided by 528?
229
Calculate the remainder when 9496 is divided by 67.
49
Calculate the remainder when 2097 is divided by 523.
5
Calculate the remainder when 52205 is divided by 2175.
5
What is the remainder when 371 is divided by 105?
56
Calculate the remainder when 18171 is divided by 673.
0
What is the remainder when 1896462 is divided by 321?
315
What is the remainder when 7560 is divided by 754?
20
What is the remainder when 23435 is divided by 688?
43
Calculate the remainder when 656 is divided by 47.
45
Calculate the remainder when 43179 is divided by 258.
93
Calculate the remainder when 185471 is divided by 64.
63
Calculate the remainder when 9673 is divided by 141.
85
Calculate the remainder when 1006 is divided by 33.
16
Calculate the remainder when 4291 is divided by 599.
98
Calculate the remainder when 18591 is divided by 389.
308
What is the remainder when 112159 is divided by 32?
31
Calculate the remainder when 4422 is divided by 4033.
389
What is the remainder when 12004 is divided by 1996?
28
Calculate the remainder when 57107 is divided by 164.
35
What is the remainder when 260195 is divided by 32515?
75
What is the remainder when 827 is divided by 4?
3
Calculate the remainder when 6861 is divided by 109.
103
What is the remainder when 224087 is divided by 94?
85
Calculate the remainder when 133496 is divided by 133496.
0
Calculate the remainder when 6582 is divided by 120.
102
Calculate the remainder when 2519 is divided by 111.
77
What is the remainder when 130246 is divided by 23?
20
Calculate the remainder when 336770 is divided by 22.
16
Calculate the remainder when 56814 is divided by 60.
54
What is the remainder when 1889 is divided by 377?
4
Calculate the remainder when 631770 is divided by 17.
16
What is the remainder when 474 is divided by 239?
235
What is the remainder when 54774 is divided by 44?
38
What is the remainder when 3933 is divided by 232?
221
Calculate the remainder when 6997 is divided by 27.
4
Calculate the remainder when 1084 is divided by 634.
450
What is the remainder when 14153 is divided by 4319?
1196
What is the remainder when 14407 is divided by 959?
22
Calculate the remainder when 3919 is divided by 320.
79
Calculate the remainder when 33836 is divided by 2110.
76
What is the remainder when 23853 is divided by 11922?
9
Calculate the remainder when 306849 is divided by 101.
11
What is the remainder when 14737 is divided by 42?
37
What is the remainder when 1204460 is divided by 40?
20
What is the remainder when 9733 is divided by 977?
940
Calculate the remainder when 1149320 is divided by 1129.
1127
Calculate the remainder when 335 is divided by 157.
21
What is the remainder when 9650337 is divided by 140?
137
What is the remainder when 17824 is divided by 2969?
10
What is the remainder when 9680384 is divided by 15?
14
What is the remainder when 1607 is divided by 136?
111
What is the remainder when 16029 is divided by 35?
34
Calculate the remainder when 725939 is divided by 666.
665
What is the remainder when 24246 is divided by 35?
26
What is the remainder when 67198 is divided by 7462?
40
What is the remainder when 2720672 is divided by 147?
143
Calculate the remainder when 3860 is divided by 787.
712
Calculate the remainder when 116042 is divided by 117.
95
Calculate the remainder when 103234 is divided by 138.
10
Calculate the remainder when 184758 is divided by 64.
54
Calculate the remainder when 19097 is divided by 50.
47
What is the remainder when 948 is divided by 226?
44
Calculate the remainder when 6733053 is divided by 797.
794
Calculate the remainder when 186 is divided by 43.
14
What is the remainder when 7227866 is divided by 86?
82
What is the remainder when 6173 is divided by 2040?
53
Calculate the remainder when 1285995 is divided by 16487.
9
What is the remainder when 533 is divided by 156?
65
Calculate the remainder when 218572 is divided by 3.
1
Calculate the remainder when 59814 is divided by 743.
374
What is the remainder when 56179 is divided by 4681?
7
Calculate the remainder when 239973 is divided by 297.
294
Calculate the remainder when 208748 is divided by 859.
11
Calculate the remainder when 47334 is divided by 7.
0
What is the remainder when 19648 is divided by 202?
54
Calculate the remainder when 4134 is divided by 211.
125
Calculate the remainder when 44841 is divided by 547.
534
What is the remainder when 900 is divided by 798?
102
What is the remainder when 1206 is divided by 11?
7
What is the remainder when 10927 is divided by 5404?
119
Calculate the remainder when 122761 is divided by 983.
869
Calculate the remainder when 3777 is divided by 931.
53
Calculate the remainder when 91425 is divided by 82.
77
Calculate the remainder when 67709 is divided by 1231.
4
What is the remainder when 341 is divided by 59?
46
Calculate the remainder when 774 is divided by 233.
75
What is the remainder when 173875 is divided by 630?
625
What is the remainder when 446444 is divided by 7?
5
What is the remainder when 862481 is divided by 13?
9
Calculate the remainder when 61271 is divided by 207.
206
What is the remainder when 56179 is divided by 17?
11
What is the remainder when 152478 is divided by 189?
144
What is the remainder when 29850 is divided by 35?
30
Calculate the remainder when 491203 is divided by 55.
53
What is the remainder when 50064 is divided by 114?
18
What is the remainder when 66288 is divided by 439?
438
Calculate the remainder when 34329 is divided by 68.
57
What is the remainder when 10947 is divided by 10460?
487
Calculate the remainder when 6315 is divided by 317.
292
What is the remainder when 7295 is divided by 43?
28
Calculate the remainder when 59364 is divided by 25.
14
What is the remainder when 212187 is divided by 115?
12
What is the remainder when 77162 is divided by 17?
16
What is the remainder when 1824 is divided by 912?
0
What is the remainder when 11804 is divided by 11618?
186
Calculate the remainder when 12331 is divided by 6165.
1
What is the remainder when 193 is divided by 177?
16
Calculate the remainder when 14200 is divided by 1400.
200
What is the remainder when 2142695 is divided by 146?
145
What is the remainder when 18024 is divided by 24?
0
Calculate the remainder when 14154 is divided by 136.
10
What is the remainder when 3987 is divided by 200?
187
What is the remainder when 2534 is divided by 1245?
44
What is the remainder when 9555 is divided by 4688?
179
Calculate the remainder when 79385 is divided by 39.
20
What is the remainder when 134 is divided by 93?
41
What is the remainder when 47577 is divided by 23785?
7
What is the remainder when 24546 is divided by 604?
386
Calculate the remainder when 11549 is divided by 967.
912
What is the remainder when 23084 is divided by 156?
152
What is the remainder when 37409 is divided by 5342?
15
Calculate the remainder when 162774 is divided by 87.
84
What is the remainder when 80368 is divided by 80337?
31
What is the remainder when 1802 is divided b